housands digit of 26737?
2
What is the tens digit of 789?
8
What is the tens digit of 764?
6
What is the thousands digit of 9211?
9
What is the tens digit of 538?
3
What is the tens digit of 156800?
0
What is the tens digit of 55586?
8
What is the units digit of 7560?
0
What is the units digit of 909?
9
What is the hundreds digit of 533?
5
What is the ten thousands digit of 38603?
3
What is the thousands digit of 7553?
7
What is the ten thousands digit of 134007?
3
What is the hundreds digit of 1012?
0
What is the units digit of 933?
3
What is the thousands digit of 1630?
1
What is the hundreds digit of 2725?
7
What is the hundreds digit of 21380?
3
What is the thousands digit of 38862?
8
What is the tens digit of 6746?
4
What is the hundreds digit of 33056?
0
What is the hundreds digit of 545?
5
What is the units digit of 20968?
8
What is the hundreds digit of 6230?
2
What is the hundreds digit of 11132?
1
What is the tens digit of 902?
0
What is the tens digit of 1706?
0
What is the thousands digit of 11671?
1
What is the thousands digit of 1825?
1
What is the units digit of 3084?
4
What is the hundreds digit of 380?
3
What is the hundreds digit of 63826?
8
What is the units digit of 9115?
5
What is the hundreds digit of 5104?
1
What is the hundreds digit of 9776?
7
What is the ten thousands digit of 12535?
1
What is the units digit of 223?
3
What is the hundreds digit of 563?
5
What is the ten thousands digit of 147741?
4
What is the hundred thousands digit of 111114?
1
What is the ten thousands digit of 20948?
2
What is the tens digit of 6037?
3
What is the units digit of 7591?
1
What is the hundreds digit of 2625?
6
What is the units digit of 239?
9
What is the hundreds digit of 61628?
6
What is the thousands digit of 2373?
2
What is the tens digit of 13245?
4
What is the hundreds digit of 2558?
5
What is the hundreds digit of 14967?
9
What is the hundreds digit of 15474?
4
What is the tens digit of 520?
2
What is the tens digit of 1029?
2
What is the thousands digit of 1552?
1
What is the hundreds digit of 18103?
1
What is the units digit of 439?
9
What is the hundreds digit of 4392?
3
What is the hundreds digit of 17382?
3
What is the tens digit of 2960?
6
What is the thousands digit of 22386?
2
What is the thousands digit of 2980?
2
What is the ten thousands digit of 13056?
1
What is the units digit of 42?
2
What is the tens digit of 1634?
3
What is the thousands digit of 3807?
3
What is the thousands digit of 3877?
3
What is the units digit of 1974?
4
What is the thousands digit of 2316?
2
What is the units digit of 271?
1
What is the hundreds digit of 1284?
2
What is the tens digit of 12398?
9
What is the hundreds digit of 32417?
4
What is the hundreds digit of 14244?
2
What is the hundreds digit of 671?
6
What is the tens digit of 47970?
7
What is the hundreds digit of 129?
1
What is the hundreds digit of 826?
8
What is the ten thousands digit of 92496?
9
What is the tens digit of 51994?
9
What is the ten thousands digit of 29677?
2
What is the hundreds digit of 322?
3
What is the tens digit of 35222?
2
What is the units digit of 13249?
9
What is the units digit of 2015?
5
What is the units digit of 3835?
5
What is the hundreds digit of 1807?
8
What is the tens digit of 8374?
7
What is the units digit of 5451?
1
What is the units digit of 26669?
9
What is the units digit of 963?
3
What is the tens digit of 983?
8
What is the thousands digit of 1172?
1
What is the units digit of 21271?
1
What is the units digit of 6982?
2
What is the thousands digit of 15678?
5
What is the hundreds digit of 448?
4
What is the units digit of 115435?
5
What is the tens digit of 11631?
3
What is the units digit of 66?
6
What is the units digit of 199?
9
What is the thousands digit of 3192?
3
What is the tens digit of 648?
4
What is the tens digit of 6700?
0
What is the hundreds digit of 59082?
0
What is the thousands digit of 7764?
7
What is the tens digit of 70?
7
What is the thousands digit of 12977?
2
What is the thousands digit of 15855?
5
What is the tens digit of 961?
6
What is the units digit of 2175?
5
What is the units digit of 516?
6
What is the thousands digit of 2595?
2
What is the hundreds digit of 25366?
3
What is the hundreds digit of 110941?
9
What is the hundreds digit of 45913?
9
What is the thousands digit of 45500?
5
What is the units digit of 59037?
7
What is the hundreds digit of 1078?
0
What is the tens digit of 25953?
5
What is the tens digit of 492?
9
What is the thousands digit of 93057?
3
What is the units digit of 303?
3
What is the tens digit of 10406?
0
What is the units digit of 587?
7
What is the units digit of 1059?
9
What is the units digit of 603?
3
What is the units digit of 11918?
8
What is the hundreds digit of 974?
9
What is the tens digit of 44223?
2
What is the thousands digit of 1611?
1
What is the tens digit of 785?
8
What is the ten thousands digit of 22808?
2
What is the tens digit of 3490?
9
What is the tens digit of 2707?
0
What is the units digit of 905?
5
What is the ten thousands digit of 67067?
6
What is the hundreds digit of 7506?
5
What is the thousands digit of 1030?
1
What is the hundreds digit of 2454?
4
What is the hundreds digit of 2233?
2
What is the thousands digit of 8485?
8
What is the thousands digit of 32427?
2
What is the tens digit of 4316?
1
What is the units digit of 2436?
6
What is the tens digit of 19908?
0
What is the units digit of 1581?
1
What is the thousands digit of 33783?
3
What is the hundreds digit of 3450?
4
What is the thousands digit of 103964?
3
What is the hundreds digit of 82337?
3
What is the thousands digit of 57651?
7
What is the hundreds digit of 2289?
2
What is the thousands digit of 1864?
1
What is the hundreds digit of 704?
7
What is the units digit of 216?
6
What is the ten thousands digit of 23002?
2
What is the tens digit of 3844?
4
What is the thousands digit of 3385?
3
What is the ten thousands digit of 48812?
4
What is the units digit of 56484?
4
What is the tens digit of 8088?
8
What is the thousands digit of 1081?
1
What is the hundreds digit of 20384?
3
What is the hundreds digit of 67606?
6
What is the units digit of 31074?
4
What is the hundreds digit of 55040?
0
What is the units digit of 1554?
4
What is the units digit of 33420?
0
What is the hundreds digit of 19480?
4
What is the thousands digit of 7195?
7
What is the units digit of 940?
0
What is the hundreds digit of 1402?
4
What is the hundreds digit of 123932?
9
What is the units digit of 2184?
4
What is the units digit of 1167?
7
What is the thousands digit of 1757?
1
What is the units digit of 868?
8
What is the units digit of 21?
1
What is the tens digit of 4701?
0
What is the units digit of 945?
5
What is the thousands digit of 58600?
8
What is the hundreds digit of 2110?
1
What is the thousands digit of 2204?
2
What is the ten thousands digit of 67474?
6
What is the tens digit of 23323?
2
What is the units digit of 432?
2
What is the hundreds digit of 8531?
5
What is the thousands digit of 47185?
7
What is the tens digit of 90383?
8
What is the hundreds digit of 153?
1
What is the tens digit of 2071?
7
What is the tens digit of 2674?
7
What is the units digit of 260?
0
What is the hundreds digit of 30634?
6
What is the hundreds digit of 81321?
3
What is the tens digit of 9528?
2
What is the thousands digit of 15079?
5
What is the thousands digit of 1179?
1
What is the thousands digit of 38451?
8
What is the hundreds digit of 10858?
8
What is the tens digit of 40?
4
What is the tens digit of 855?
5
What is the ten thousands digit of 15325?
1
What is the tens digit of 1713?
1
What is the tens digit of 938?
3
What is the hundreds digit of 36853?
8
What is the units digit of 25966?
6
What is the ten thousands digit of 51367?
5
What is the units digit of 29565?
5
What is the units digit of 492?
2
What is the units digit of 9178?
8
What is the hundreds digit of 39603?
6
What is the units digit of 157?
7
What is the units digit of 69203?
3
What is the units digit of 116?
6
What is the tens digit of 46287?
8
What is the units digit of 2251?
1
What is the hundreds digit of 4616?
6
What is the thousands digit of 1938?
1
What is the thousands digit of 11745?
1
What is the hundreds digit of 42452?